j - 31, 1 + 15 = -2*l + 2*j. Let g(u) be the first derivative of -u**4/4 - 2*u**3/3 + 3*u**2/2 - 3*u + 1. Give g(l).
-3
Let q(a) = -a**3 - 5*a**2 - 1. Let h(z) = z**2 + 2*z + 0*z**2 + 5 - 6 - 3. Let b be h(0). Give q(b).
-17
Let m(i) = -i**3 + 7*i**2 + 8. Suppose 5*v + 14 = 7*v - 4*u, 0 = 4*u. Calculate m(v).
8
Let y(c) be the second derivative of -c**7/630 - c**6/180 - c**5/60 - c**4/6 + 2*c. Let n(o) be the third derivative of y(o). Let h = -7 + 5. Determine n(h).
-10
Suppose 4*m - 83 - 77 = 0. Suppose 0 = -5*x + 5*w - m, 4*x + 5*w = -0*x - 14. Let r(o) = -o**2 - 7*o + 2. Calculate r(x).
8
Let t(y) = 6*y + 1. Let d(s) = -11*s - 1. Let o(h) = 4*d(h) + 7*t(h). Give o(-6).
15
Let z be 4/(-14) + (-60)/(-14). Let o(m) = -m**3 + 17*m**2 - 44*m - 5. Let a be o(5). Let d(c) = -38*c - 1 - 4 + a*c - c**3 + 3*c**2 - 31*c. Give d(z).
3
Let t(v) = v**3 - 8*v**2 + 10*v + 3. Let y(z) = 2*z + 59. Let u(a) = a + 1. Let g(q) = -4*u(q) + y(q). Let o be g(24). What is t(o)?
24
Let f(y) = 89*y + 12. Let k(p) = 25*p + 4. Let a(x) = 2*f(x) - 7*k(x). Calculate a(2).
2
Let h = 18 + -16. Let n(t) = 2*t - 12*t**2 + 13*t**2 - h + t + 4. What is n(-4)?
6
Suppose -6 = 2*r - 4*l + 8, -2*r = 2*l + 8. Let a(z) = -6*z + 4. Let y(m) = 4*m - 3. Let o(j) = 5*a(j) + 7*y(j). Give o(r).
9
Suppose 389*r = 375*r - 126. Let n(a) = a**3 + 8*a**2 - 7*a + 1. Calculate n(r).
-17
Let q(c) = c**2 + 6*c - 6. Let l be q(-7). Suppose 3*n + 12 = 4*a, 2*a - 6 = n - 3*n. Let j(i) = a - 25*i + 25*i - 2 - 7*i**2. Give j(l).
-6
Let b(s) = s**3 + 10*s**2 - 11*s + 5. Let v be b(-11). Let w(d) = -v + d - 1 + 7 - 4. Give w(5).
2
Let i = -834 - -829. Let v = 0 - 0. Let w(m) = -m**2 + v - 5*m + 0 + 4. Give w(i).
4
Let i(x) = -x + 15. Let p be i(0). Let c = 8 - p. Let f(z) = -4*z**2 + 181*z - 14. Let m(s) = -5*s**2 + 216*s - 16. Let v(y) = 6*f(y) - 5*m(y). Calculate v(c).
3
Let t(g) = -15*g**2 + 15*g - 15. Let m(z) = -6 - 10 + 3*z**2 + 19 - 3*z. Let h(d) = 24*m(d) + 5*t(d). Give h(2).
-9
Let a(x) = x**2 - 2*x + 1. Let f(i) = -7*i - 49. Let r be f(-7). Determine a(r).
1
Let a be 1/(52/16 - 3). Suppose -6*c + k = -a*c - 20, 8 = 2*c + 2*k. Let w(o) = o + 1. Give w(c).
9
Let f(w) = w**2 - 2*w + 4. Let c = 1 + -33. Let g = c - -45. Let z = g - 10. Give f(z).
7
Let d(s) = -31*s + 61. Let p be d(2). Let v(u) = u**2 + 2*u + 1. Let m(w) = -4*w**2 - 7*w - 3. Let x(f) = -2*m(f) - 7*v(f). Calculate x(p).
0
Let n(s) = -s**3 + 6*s**2 - 3*s + 6. Let m be (3/2)/((-15)/(-20)). Suppose -f + 18 = 4*y, m*y + 2*f - 1 = y. Determine n(y).
16
Suppose 4 = -t - 14. Let s be 4/3*t*(-1)/(-4). Let g(i) = i - 2. What is g(s)?
-8
Let u be (-4 + 16)*(-2)/(-8). Let j(z) = -z**3 - 3*z**2 + 3*z + 1. Determine j(u).
-44
Let c(o) be the second derivative of -o**4/12 - o**3/6 + 15*o**2/2 + 113*o - 1. Give c(4).
-5
Let h(j) = 7*j**3 + 3*j**2 - j + 1. Suppose -5*v + 12 = -13. Let q(f) = 7*f**2 + 1 + 15*f**3 - 5*f + 3*f + 1. Let x(i) = v*h(i) - 2*q(i). Give x(1).
6
Suppose 4*k + g - 3 = -18, -3*g - 9 = 3*k. Let z(m) = 2*m + 6. Give z(k).
-2
Let w(g) = 7*g**2 + 15*g - 17. Let k(x) = -3*x**2 - 7*x + 9. Let n(u) = 5*k(u) + 2*w(u). Let a be n(-6). Let s(h) = -h**2 + 8*h - 4. Give s(a).
11
Let b(n) = -n**3 + 2*n**2 + 2*n. Let d = 95 - 29. Let u = -63 + d. Determine b(u).
-3
Let m(h) = -172*h**2 - 171*h**2 + 342*h**2 - 8*h + 1 + 0. Give m(-7).
8
Let h be (-3 - 2)*66/(-55). Let c = 2 + 1. Let y(a) = -c*a - 2 + a**2 - 3*a - 2*a. Calculate y(h).
-14
Let a(o) = -2 - 2*o - 8*o + o - 5*o. Determine a(-1).
12
Let w(m) = m**3 - 2*m**2 + m - 9. Let p be (-1)/(-2)*2 + 2*1. Let x be w(p). Let d(b) = -b**3 + 3*b**2 - 2*b - 2. Determine d(x).
-8
Let w(q) = -q**3 - 16*q**2 + q + 13. Suppose y + 2*y = v + 7, 70 = -4*v - 2*y. Let s be w(v). Let m(a) = a**2 + 5*a + 3. What is m(s)?
-3
Let t(g) be the third derivative of 5*g**4/24 + 295*g**2. What is t(4)?
20
Suppose -2 = t - 6. Suppose w - 3 = 4*k, -k - t*w = -7 - 5. Let o(b) = -b**2 - b + 2. What is o(k)?
2
Let o(q) = -2*q**2 - q + 2. Let a = -32 - -15. Let u = 7 - a. Suppose -2*m + 8 = -b, -6*m + 4*b = -2*m - u. Determine o(m).
-8
Let r(y) = 1. Let u(o) = -4*o + 6. Let l be 14/(-4)*(-24)/14. Suppose k - 5 = l*k. Let t(i) = k*u(i) + 6*r(i). Calculate t(-1).
-4
Let c(o) = 11 + o + 1 - 4 - 16. What is c(8)?
0
Suppose -10*j + 10 = -12*j. Let r(f) = -f**2 - 3*f - 1. Calculate r(j).
-11
Let m(i) = -i**3 + 7*i**2 + 10*i - 3. Let w(p) = -p**3 - 3*p**2 + 4*p - 22. Let o be w(-5). Determine m(o).
13
Suppose 0 = 7*v - 16 - 19, 3*n + 1 = 5*v. Let u(s) = s**3 - 8*s**2 - 2. Determine u(n).
-2
Let s be 3/1*(-5)/15. Let p(v) = 0*v**2 + 1 + 5*v**2 + 6*v**2 - v**2. Give p(s).
11
Let s = 10 + -10. Suppose s = 2*o + 5*u + 20, 4*o + 26 = -4*u + u. Let j(d) = -d**2 + 4. Give j(o).
-21
Let m(p) = p**2 + 1. Let b(x) = 0*x**3 + 3 + x**3 - 6*x - 6 - 3*x**2 + 8. Let g(q) = -b(q) + 2*m(q). Let d be g(6). Let j(r) = r**2 + 4*r + 2. What is j(d)?
-1
Let a(j) = j**2. Let g(b) = 5*b - 8*b + 4*b**2 - 5 + 4 + 6*b - 2*b**3. Let k(c) = -3*a(c) + g(c). What is k(2)?
-7
Let o(r) = r**3 + 6*r**2 - 6*r + 9. Let q(u) = -5*u**2 + 12*u + 10. Let w be q(-1). What is o(w)?
2
Let r(p) = p**2 + 8*p - 3. Let s(h) = -h - 8. Let y be s(-8). Suppose y = 6*k + 49 + 5. Calculate r(k).
6
Suppose b - 7 + 5 = 0. Let n(t) = -7*t + t**b + 0 - 3 + 7 + 2. Calculate n(7).
6
Suppose 2*f + 36 = -4*f. Let s(g) be the first derivative of -g**3/6 - g**2/2 - 5*g + 6. Let t(j) be the first derivative of s(j). Determine t(f).
5
Let q(v) = 2*v**3 + 6 - 3 - 4*v - v**3 - 4*v**2. Suppose 0 = 5*o - 5*d - 30, -5*o + 2 = d + d. Suppose o*g - 10 = -2. Give q(g).
-13
Suppose -2*d + 5*p = -25, 4*d - 35 = -0*d + 5*p. Suppose -q + 15 = -d*q - 3*i, -5*i = 3*q + 14. Let t(y) = y - 4 - 6*y - y**2 + y + 0*y. Calculate t(q).
-1
Let d be ((-4)/(4 + -2))/1. Let m = 0 + d. Let s(g) be the second derivative of 4*g**3/3 + 3*g**2/2 - 4*g. Calculate s(m).
-13
Let v(b) be the second derivative of b**5/20 - 7*b**4/12 - 3*b**3/2 + 5*b**2/2 - 112*b. Determine v(8).
-3
Let q(x) = 25*x**2 - x + 1. Let h be (9 - 10)/(1 - (-4)/(-2)). Give q(h).
25
Let t(n) = 190*n - 580*n - n**2 + 2 + 199*n + 194*n - n**2. Calculate t(-2).
-12
Let y(b) be the third derivative of 13*b**9/60480 + b**8/10080 + b**7/2520 + b**6/720 + b**5/20 - 16*b**2. Let r(h) be the third derivative of y(h). Give r(-1).
-12
Let n(p) = -13*p**3 - 21*p**2 - 10*p + 14. Let d(m) = 22*m**3 + 40*m**2 + 21*m - 29. Let b(x) = -3*d(x) - 5*n(x). Calculate b(-14).
3
Let p(z) = -z**3 - 8*z**2 - 7*z - 4. Let o be (-13)/(-5) - (-4)/10. Suppose l = o*l + 22. Let g = 4 + l. Give p(g).
-4
Let l be (3/9)/(2/(-30)). Let d(x) be the second derivative of x**5/20 + x**4/3 - 2*x**3/3 - x**2/2 - 4*x. Calculate d(l).
-6
Let o(z) = 2*z - 2. Let d(f) = -f - 1. Let c(l) = d(l) - o(l). Determine c(-2).
7
Suppose -2*j + 2 = -6. Suppose a = 3*t - 4, t = 2*t - 3*a + j. Let x be (2 - t)/(-3*1). Let n(v) = v**2 - v + 12. Determine n(x).
12
Let y(w) = -w**2 - w - 4. Let c be ((-20)/(-12))/((-30)/36). Give y(c).
-6
Let v be -3 + -2 + 3/(-1). Let r(z) = -6*z**3 - 4*z**2 + 3*z + 4. Let p(a) = -7*a**3 - 3*a**2 + 5*a + 4. Let h(k) = -5*p(k) + 6*r(k). What is h(v)?
-4
Let k(l) = 502 - l + 502 - 998. What is k(8)?
-2
Let h be 5/2*24/(-15). Let g(b) = -11*b**3 + b**2 + b - 2. Let n(k) = -5*k**3 + k - 1. Let i(u) = h*g(u) + 9*n(u). What is i(-5)?
-1
Let w(q) = -2 + 2*q**3 + 11*q - 6 + q**3 - 2*q**3 + 12*q**2. Calculate w(-11).
-8
Let m(j) = -j - 1. Suppose 5*a - 32 = u, 4*u + 0*u + 2*a = -18. Let c be u + 3 + 1 + 2. Give m(c).
0
Let d(f) = 29*f - 9. Let c(x) = -7*x + 2. Let l(w) = w**2 - 13*w + 10. Let y be l(12). Let v(u) = y*d(u) - 9*c(u). Give v(-2).
-10
Let t = 3 + 8. Suppose -9 = -2*v + v - 4*n, 2*v + 3*n = 13. Suppose -2*o - t = -v. Let m(a) = a**2 + 6*a - 2. Determine m(o).
-11
Let b(p) = -2*p**3 - 2*p**2 - 1. Let h(y) = -y**3 - 4*y**2 - y + 4. Suppose -3*m - w = m + 11, 3*m = -2*w - 7. Let t be h(m). Determine b(t).
7
Let r(f) be the first derivative of f**4/4 + 17*f**3/3 + 15*f**2/2 - 6*f - 8. Let d be r(-16). Suppose m + m - d = 0. Let w(q) = -q + 7. Calculate w(m).
2
Let v(b) = b**3 - 3*b**2 + 2*b. Let n(p) = p**3 - p**2 - 23. Let o be n(0). Let r = o - -25. What is v(r)?
0
Let p be (-6)/8 + (58/(-8) - -8). Let q(m) = m - 35. Calculate q(p).
-35
Let p be (-36)/48*(-5 - -1). Le